 Give h(7).
-9
Let n(p) = -5*p - 6. Let o be n(0). Let r(g) = g + 9. Give r(o).
3
Let h(s) = s**3 - 8*s**2 + 7*s - 9. Let o be h(6). Let a be 4/6 + o/(-9). Let n(v) be the third derivative of -v**4/12 + 2*v**3/3 - 4*v**2. Calculate n(a).
-6
Let t(r) = r**2 + r + 13. Let l(f) = f**2 + f + 9. Let p(c) = -7*l(c) + 5*t(c). Let b = -10 + 12. Suppose -w = -0 + b. Give p(w).
-2
Let j(m) = 2*m**2 + 2*m - 4. Suppose -3*y + 17 = -4*w, 2*y + 3*w + 2 = -w. Suppose -3*s + 5*q = 24, 8 = y*q - 1. Calculate j(s).
8
Suppose -5*d + 11 - 1 = -4*k, 3*k + 2*d - 4 = 0. Let a(v) = v**2 - v + 9. Calculate a(k).
9
Let j(g) = g**2 - 2*g - 3. Let a(k) = -k**2 - 5*k - 3. Let w be a(-3). Give j(w).
0
Let o(v) = v**3 - 8*v**2. Let l(g) = -g**3 + 7*g**2. Let z(q) = q + 1. Let d be z(3). Let p(n) = d*o(n) + 5*l(n). Let w = -1 + 4. What is p(w)?
0
Let q(w) = 4*w**3 + 3*w**2 + 11*w + 9. Let y(c) = 7*c**3 + 5*c**2 + 21*c + 17. Let u(r) = 11*q(r) - 6*y(r). Determine u(-3).
-15
Let t(b) = 6*b**3 - b**2 + 4*b + 5. Let j(i) = 5*i**3 - i**2 + 3*i + 4. Let a(s) = 4*j(s) - 3*t(s). Let g = 6 + -5. Calculate a(g).
2
Let c = -57 + 59. Let x(f) = 14*f - 1. Calculate x(c).
27
Let v = 40 + -47. Let c(l) = -l**3 - 6*l**2 + 7*l. Give c(v).
0
Let m(t) = 3*t - 6. Let b(s) = 3*s - 5. Let x(o) = 4*b(o) - 3*m(o). Give x(2).
4
Let y(i) = -2*i + 7. Let x = -13 - -3. Let t = x + 15. What is y(t)?
-3
Let o(r) = 7*r + 6 - 7 - r**2 - 2. Calculate o(3).
9
Let r(y) = y - 2. Suppose 2*b + 0*b + 12 = 0. Give r(b).
-8
Let p(h) be the third derivative of h**4/8 - h**3/3 - 6*h**2. What is p(-4)?
-14
Let v(s) = 18*s**2 + 4*s + 6. Let p(y) be the second derivative of -17*y**4/12 - y**3/2 - 5*y**2/2 - 6*y. Let r(j) = 5*p(j) + 4*v(j). Determine r(1).
-13
Let i(p) be the second derivative of p**6/45 + p**3/3 - 3*p. Let f(u) be the second derivative of i(u). What is f(-1)?
8
Let j(d) = -d**2 + 5*d. Let h(v) = v**2 + 1. Let r(q) = 4*h(q) + j(q). Determine r(-3).
16
Let g(u) be the second derivative of -2*u**3/3 + 3*u**2/2 - 16*u. Calculate g(3).
-9
Let l(g) be the second derivative of -g**4/12 - g**3/6 + 7*g**2/2 - 11*g. Give l(0).
7
Suppose 0 = 2*c + 4*n + 22, 3*c - 4*n = 8 - 1. Let o(a) be the first derivative of a**4/4 + a**3 - a**2/2 - 2*a - 14. What is o(c)?
1
Suppose 4 = 3*w + 13. Let v(z) = z**2 + 4*z + 3. Calculate v(w).
0
Let r(m) = -4*m. Let x = -4 - -5. Suppose -2*z + x = -3. Determine r(z).
-8
Let t(y) = -159 + 3*y**2 - 5*y + 3*y**2 + 165 - y**3. Suppose 2*g + 1 = 9. Suppose -17 = -q + g*i, q = -2*q - 2*i + 9. Determine t(q).
6
Suppose 4 = j - 3*c, 1 = j - c - 5. Let k(m) = -m**3 + 6*m**2 + 6*m + 9. Give k(j).
2
Let a(x) be the third derivative of x**5/30 - 5*x**4/24 + x**3/3 + x**2. Let q = -18 - -21. Determine a(q).
5
Let l(w) = 1. Let b(c) = c**3 - 7*c**2 + 5*c + 11. Let g(z) = b(z) - 4*l(z). What is g(6)?
1
Let a(g) be the second derivative of -g**3/6 - g**2/2 - 22*g. Calculate a(4).
-5
Let w(o) = -o**3 - 10*o**2 - 6*o - 5. Let f(n) = -2*n**3 - 19*n**2 - 12*n - 10. Let a(d) = 3*f(d) - 5*w(d). Calculate a(-6).
-5
Let w = 9 + -4. Suppose 4*o - 4*d = 28, -2*o + 3*o + 3*d = -w. Let v(k) = -3*k**2 + 5*k - 7 + 1 + 2*k**2. What is v(o)?
-2
Let o(d) be the second derivative of d**5/120 - d**4/3 + 2*d**3/3 + d. Let k(q) be the second derivative of o(q). Give k(6).
-2
Suppose -a = -8*a - 42. Let j(v) = v**3 + 6*v**2 - v - 7. What is j(a)?
-1
Let x(s) be the first derivative of -6*s**2 + s + s**2 + 4*s**2 + 2. What is x(-3)?
7
Let a(v) = -5 + v + 20 - 7. What is a(-4)?
4
Let b(f) be the third derivative of -5/6*f**3 + 0 + 0*f + 5/24*f**4 + 11*f**2 - 1/60*f**5. What is b(4)?
-1
Let m be (-3 - -2)*1 - (-2)/2. Let n(o) = -5 + 4*o - 3*o + 0*o. What is n(m)?
-5
Let q(u) = u**3 - 8*u**2 - 2. Let r be q(8). Let x = -5 - -10. Let g = r + x. Let p(k) = -k**2 + 3*k - 1. Give p(g).
-1
Let n(m) = m**3 - 4*m**2 + 2*m - 5. Suppose z + y - 11 = 0, -3*z + 5*y - 6*y + 37 = 0. Let b = z - 9. What is n(b)?
3
Let f(w) = w + 1. Let r(g) = 2*g. Let i(z) = 3*f(z) - r(z). Let o be i(-3). Let h(k) = -7 + k + 1 + 1. Give h(o).
-5
Let n(t) = -3*t + 1. Let x be (-4 - 4)/((-4)/2). Let d be (16/(-6))/(x/(-6)). Give n(d).
-11
Let i(q) = 12*q**3 - 4*q**2 + 4*q + 4. Let f(v) = -v**3 + v**2 - v - 1. Let r(g) = 5*f(g) + i(g). Suppose -4*j - 14 = -2*n, -2*n = -3*j - 5 - 5. What is r(n)?
-6
Let v(r) = 6*r**3 - r**2 - 8*r - 5. Let y(k) = -5*k**3 + 7*k + 4. Let o(m) = 6*v(m) + 7*y(m). Give o(6).
4
Let c(t) be the first derivative of -t**3/3 - 2*t**2 - 1. Let v = 16 - 10. Let p = v + -11. What is c(p)?
-5
Let t(k) = 2*k + 2*k**2 + 1 - k - 2*k**3 - k**2. Let z(d) = d + 7. Let h(y) = y**2 + 7*y - 8. Let w be h(-7). Let q be z(w). Determine t(q).
3
Suppose -2*v = 3*v - 20. Let c be v/6 - (-50)/15. Let i(t) = -t**2 - 3*t - 7. Let h(u) = -2*u**2 - 4*u - 8. Let l(n) = -2*h(n) + 3*i(n). Determine l(c).
7
Let p(g) = g + 2. Let h be 1 + 0 + 7 + 2. Suppose 4*q + 15 = 2*k + k, 2*k - 5*q = h. What is p(k)?
7
Suppose 2*g + 5 = -3*g. Let v(j) be the second derivative of 3*j**5/20 - j**4/12 - j**3/6 + 3*j. Calculate v(g).
-3
Let o(d) = d. Let z = -75 - -48. Let r be 1/2 - z/6. Calculate o(r).
5
Let u(r) = r**3 + 11*r**2 - r - 15. Let a be u(-11). Let k(o) = -o**2 - 5*o + 2. Calculate k(a).
6
Let d = 5 - 3. Suppose d*k = -5*r + 21, 0 = r + 5*k - 8 - 10. Suppose r*i = i. Let x(a) = a - 4. Calculate x(i).
-4
Let c(m) be the third derivative of -m**6/120 + m**5/20 + 5*m**4/24 + 4*m**2. Give c(4).
4
Let h(z) be the first derivative of z**2/2 + 5*z - 30. Give h(5).
10
Let x = -7 - -4. Let z(f) be the first derivative of -5/2*f**2 - 1/4*f**4 - 1 - 5/3*f**3 - 4*f. Calculate z(x).
-7
Suppose -4*h + 3*w = -2*h - 15, 4*h + 5*w + 3 = 0. Let s(v) = -3*v - v**h + 0*v**3 - v**3 - 3*v**2. Calculate s(-2).
10
Let t be ((-4)/10)/(5/(-25)). Suppose -4*w - t*l = 10, 4*w - 2*w + 30 = 4*l. Let h(n) = n**3 + 5*n**2 - 2*n - 7. Give h(w).
3
Let w be 7/(-7) - (-6 + -1). Let j(l) = -l**2 + 4*l + 8. Determine j(w).
-4
Let k(s) = -2*s**2 - 2*s. Let j be (7/7)/(1/(-2)). Let p be k(j). Let i(m) = -m**2 - 2*m + 5. What is i(p)?
-3
Let x(n) = 2*n + 24. Let q be x(-11). Let r = 1 - 1. Let u(j) = q*j + 3 - j + r*j. Determine u(-3).
0
Let a = -35 - -31. Let t(u) = u**2 + 3*u - 5. Give t(a).
-1
Let p(y) be the third derivative of 0 + 0*y + 1/15*y**5 - 2/3*y**3 - 1/12*y**4 - 5*y**2 - 1/120*y**6. What is p(3)?
-1
Let o(i) be the third derivative of 1/3*i**3 + 4*i**2 + 1/12*i**4 + 0 - 1/20*i**5 + 0*i. Determine o(2).
-6
Let y(j) = 3*j - 6. Let d(i) = -4*i - 9. Let k be d(-6). Let v be (6/(-15))/((-1)/k). Suppose -4*t = -v - 14. Give y(t).
9
Let x(u) = -u**2 - 12*u - 10. Let i be (4 - 0) + -7 + -8. Determine x(i).
1
Let n(u) be the third derivative of u**7/840 + u**6/90 - u**5/24 - 7*u**4/24 + u**3 - u**2. Let r(p) be the first derivative of n(p). What is r(-5)?
-7
Let o = -16 + 22. Let g(j) = 3*j - 4. Give g(o).
14
Let g(i) = -3*i + 1. Let x(a) = -a**3 + 3*a**2 + 2. Let l be x(3). Let d be l/6 - (-15)/9. Calculate g(d).
-5
Let p(s) = 4*s**2 + 26*s + 11. Let q be p(-6). Let j(h) = 3*h**2 - h. Calculate j(q).
4
Let r(z) be the first derivative of -4/3*z**3 + 5*z - 1/4*z**4 + 0*z**2 + 4. Give r(-4).
5
Let p(j) = -j**3. Let w(o) = 7*o - 2*o**2 - 4*o**3 + 6 + 0*o**3 - o**2. Let u(t) = 3*p(t) - w(t). Determine u(-4).
6
Suppose 0 = -4*m + 5*v + 7 + 12, 5*m - v - 8 = 0. Let d = m + -7. Let t(j) be the third derivative of j**5/60 + 5*j**4/24 - 5*j**3/6 - 2*j**2. Calculate t(d).
1
Let q(k) = k**2 + k - 9. Let s be q(-3). Let j(v) = v**3 + 3*v**2 + v + 4. Determine j(s).
1
Suppose 3*u + 4*j - 3 = -1, -2*u + j = -5. Let s(c) = -6*c + 2. Determine s(u).
-10
Let m(k) = k + 6. Let h(u) = -u - 12. Let o(n) = -3*h(n) - 5*m(n). Calculate o(6).
-6
Let g = 5 - 3. Let j = g + -3. Let a be (j + 2)*(1 + -2). Let d(y) = -7*y - 1. What is d(a)?
6
Let s = 8 + -4. Let h(z) be the second derivative of -1/6*z**3 + 2*z + 0 - z**2. What is h(s)?
-6
Let t(r) be the second derivative of -r**6/40 + r**5/20 - r**4/12 + r**3/6 + 2*r**2 + 2*r. Let l(o) be the first derivative of t(o). Calculate l(2).
-15
Let h(w) = -13*w**3 + w**2 - w. Let v(f) = -f + 4. Let x be v(3). Let u = x + 0. Determine h(u).
-13
Suppose c = 5 + 1. Let o(i) = i**3 - 8*i**2 + 9*i - 1. Determine o(c).
-19
Let b(w) = 2*w - w + 2 - 4 + 2*w. Give b(4).
10
Let d = -3 -